 1051148?
2, 7, 31, 173
What are the prime factors of 1880811?
3, 53, 3943
List the prime factors of 3981282.
2, 3, 663547
List the prime factors of 454464.
2, 3, 263
What are the prime factors of 108737?
19, 59, 97
List the prime factors of 490062.
2, 3, 81677
List the prime factors of 779046.
2, 3, 129841
List the prime factors of 314860.
2, 5, 7, 13, 173
What are the prime factors of 2664678?
2, 3, 444113
What are the prime factors of 166847?
166847
List the prime factors of 37494270.
2, 3, 5, 11, 313
List the prime factors of 1102835.
5, 367, 601
What are the prime factors of 5762138?
2, 293, 9833
What are the prime factors of 2660636?
2, 11, 17, 3557
List the prime factors of 294807.
3, 98269
What are the prime factors of 534691?
151, 3541
List the prime factors of 14649836.
2, 19, 53, 3637
List the prime factors of 8233169.
7, 41, 28687
What are the prime factors of 10034712?
2, 3, 46457
What are the prime factors of 178335?
3, 5, 1321
List the prime factors of 19418317.
19418317
List the prime factors of 10779835.
5, 11, 195997
List the prime factors of 797684.
2, 47, 4243
List the prime factors of 772029.
3, 85781
List the prime factors of 20760095.
5, 4152019
What are the prime factors of 3829800?
2, 3, 5, 13, 491
What are the prime factors of 17251470?
2, 3, 5, 103, 1861
List the prime factors of 3188927.
7, 23, 29, 683
What are the prime factors of 6986350?
2, 5, 7, 19961
What are the prime factors of 78178?
2, 39089
What are the prime factors of 26603786?
2, 11, 47, 2339
What are the prime factors of 30333509?
30333509
What are the prime factors of 156581?
31, 5051
List the prime factors of 19273344.
2, 3, 53, 947
What are the prime factors of 930945?
3, 5, 53, 1171
List the prime factors of 655652.
2, 19, 8627
List the prime factors of 840516.
2, 3, 89, 787
What are the prime factors of 299813?
47, 6379
List the prime factors of 36899.
36899
What are the prime factors of 4138587?
3, 153281
What are the prime factors of 197438?
2, 17, 5807
List the prime factors of 2361974.
2, 1180987
List the prime factors of 8443203.
3, 17, 165553
What are the prime factors of 34155?
3, 5, 11, 23
List the prime factors of 1113960.
2, 3, 5, 9283
What are the prime factors of 184074?
2, 3, 11, 2789
List the prime factors of 317323.
317323
List the prime factors of 10851380.
2, 5, 263, 2063
List the prime factors of 1145740.
2, 5, 57287
List the prime factors of 598511.
67, 8933
What are the prime factors of 3447797?
19, 79, 2297
What are the prime factors of 14522190?
2, 3, 5, 367, 1319
List the prime factors of 138879.
3, 13, 1187
List the prime factors of 234461.
234461
List the prime factors of 7748630.
2, 5, 774863
List the prime factors of 3603623.
3603623
List the prime factors of 943939.
19, 49681
List the prime factors of 197826.
2, 3, 32971
What are the prime factors of 168232?
2, 17, 1237
List the prime factors of 89709.
3, 17, 1759
List the prime factors of 490503.
3, 13, 12577
List the prime factors of 71738.
2, 35869
What are the prime factors of 168505?
5, 67, 503
What are the prime factors of 7976943?
3, 13, 29, 2351
List the prime factors of 22832995.
5, 487, 9377
List the prime factors of 5331802.
2, 7, 380843
List the prime factors of 688090.
2, 5, 13, 67, 79
What are the prime factors of 477718?
2, 238859
List the prime factors of 118608.
2, 3, 7, 353
What are the prime factors of 9481562?
2, 103, 46027
List the prime factors of 29983711.
271, 110641
List the prime factors of 387169.
387169
What are the prime factors of 12755386?
2, 7, 23, 5659
List the prime factors of 60955.
5, 73, 167
List the prime factors of 4078467.
3, 461, 983
What are the prime factors of 213869?
31, 6899
What are the prime factors of 7425753?
3, 17, 145603
List the prime factors of 4688181.
3, 359, 1451
What are the prime factors of 13069663?
19, 137, 5021
What are the prime factors of 293972?
2, 7, 10499
List the prime factors of 1962929.
1962929
What are the prime factors of 12334289?
11, 113, 9923
What are the prime factors of 1811824?
2, 7, 2311
List the prime factors of 87792.
2, 3, 31, 59
What are the prime factors of 1359737?
23, 59119
List the prime factors of 6740252.
2, 659, 2557
What are the prime factors of 270971?
31, 8741
List the prime factors of 1912388.
2, 19, 25163
List the prime factors of 4427269.
7, 11, 5227
What are the prime factors of 332153?
193, 1721
What are the prime factors of 69611?
151, 461
List the prime factors of 482066.
2, 13, 18541
List the prime factors of 4849220.
2, 5, 37, 6553
What are the prime factors of 70924?
2, 7, 17, 149
List the prime factors of 8993281.
11, 79, 131
List the prime factors of 191751.
3, 7, 23, 397
What are the prime factors of 26632839?
3, 2543, 3491
List the prime factors of 1524260.
2, 5, 76213
What are the prime factors of 1814377?
1814377
What are the prime factors of 2678240?
2, 5, 19, 881
What are the prime factors of 347475?
3, 5, 41, 113
What are the prime factors of 123164?
2, 41, 751
What are the prime factors of 5202368?
2, 29, 2803
What are the prime factors of 242560?
2, 5, 379
List the prime factors of 8563188.
2, 3, 713599
What are the prime factors of 633029?
17, 23, 1619
What are the prime factors of 962077?
962077
What are the prime factors of 421659?
3, 7, 23, 97
What are the prime factors of 775808?
2, 11, 19, 29
What are the prime factors of 31544613?
3, 1168319
What are the prime factors of 407742?
2, 3, 67957
What are the prime factors of 921479?
13, 73, 971
What are the prime factors of 269807?
17, 59, 269
List the prime factors of 207668.
2, 193, 269
What are the prime factors of 47846?
2, 47, 509
What are the prime factors of 59616?
2, 3, 23
What are the prime factors of 9635?
5, 41, 47
What are the prime factors of 76703?
11, 19, 367
List the prime factors of 4025162.
2, 139, 14479
List the prime factors of 10357935.
3, 5, 7, 23, 4289
List the prime factors of 1531336.
2, 79, 2423
List the prime factors of 623413.
7, 29, 37, 83
What are the prime factors of 265496?
2, 7, 11, 431
What are the prime factors of 26993?
26993
What are the prime factors of 4462295?
5, 31, 28789
What are the prime factors of 454035?
3, 5, 30269
List the prime factors of 672058.
2, 336029
What are the prime factors of 3146110?
2, 5, 11, 37, 773
What are the prime factors of 119568?
2, 3, 47, 53
List the prime factors of 215895.
3, 5, 37, 389
What are the prime factors of 172521?
3, 29, 661
List the prime factors of 641610.
2, 3, 5, 7129
What are the prime factors of 109199?
109199
List the prime factors of 265555.
5, 173, 307
List the prime factors of 163805.
5, 181
What are the prime factors of 11587502?
2, 41, 141311
List the prime factors of 17611.
11, 1601
What are the prime factors of 2626985?
5, 525397
What are the prime factors of 17601062?
2, 61, 144271
What are the prime factors of 7579695?
3, 5, 505313
List the prime factors of 18428101.
18428101
What are the prime factors of 5471384?
2, 683923
List the prime factors of 8344537.
43, 4513
What are the prime factors of 190265?
5, 38053
List the prime factors of 858316.
2, 89, 2411
What are the prime factors of 9117476?
2, 23, 99103
What are the prime factors of 1376674?
2, 13, 4073
What are the prime factors of 6157494?
2, 3, 7, 48869
What are the prime factors of 849506?
2, 7, 60679
List the prime factors of 307631.
307631
List the prime factors of 1038060.
2, 3, 5, 73, 79
What are the prime factors of 136888?
2, 71, 241
What are the prime factors of 13615364?
2, 7, 103, 4721
What are the prime factors of 7381544?
2, 29, 31817
What are the prime factors of 876648?
2, 3, 36527
What are the prime factors of 1540233?
3, 53, 3229
List the prime factors of 402514.
2, 7, 28751
What are the prime factors of 82752?
2, 3, 431
What are the prime factors of 10386770?
2, 5, 887, 1171
List the prime factors of 81819.
3, 9091
What are the prime factors of 8094565?
5, 31, 52223
List the prime factors of 150209.
150209
What are the prime factors of 3329547?
3, 13, 59, 1447
What are the prime factors of 5093913?
3, 11, 163, 947
List the prime factors of 203062.
2, 101531
What are the prime factors of 882922?
2, 441461
What are the prime factors of 770190?
2, 3, 5, 25673
List the prime factors of 3041677.
607, 5011
What are the prime factors of